 of 6845?
4
What is the units digit of 2217?
7
What is the thousands digit of 26823?
6
What is the tens digit of 46405?
0
What is the tens digit of 21744?
4
What is the tens digit of 17488?
8
What is the tens digit of 615?
1
What is the units digit of 98796?
6
What is the tens digit of 853?
5
What is the tens digit of 38988?
8
What is the tens digit of 6942?
4
What is the units digit of 14126?
6
What is the thousands digit of 34799?
4
What is the tens digit of 251?
5
What is the units digit of 233?
3
What is the hundreds digit of 74119?
1
What is the thousands digit of 4174?
4
What is the tens digit of 3075?
7
What is the tens digit of 1154?
5
What is the tens digit of 74?
7
What is the tens digit of 162835?
3
What is the units digit of 2459?
9
What is the units digit of 11407?
7
What is the thousands digit of 39823?
9
What is the units digit of 19584?
4
What is the thousands digit of 6090?
6
What is the hundreds digit of 18754?
7
What is the hundreds digit of 19955?
9
What is the units digit of 660?
0
What is the units digit of 17604?
4
What is the thousands digit of 32256?
2
What is the units digit of 1081?
1
What is the tens digit of 5620?
2
What is the units digit of 1654?
4
What is the ten thousands digit of 16389?
1
What is the tens digit of 1130?
3
What is the thousands digit of 5977?
5
What is the thousands digit of 1671?
1
What is the hundreds digit of 71016?
0
What is the tens digit of 672?
7
What is the ten thousands digit of 104390?
0
What is the hundreds digit of 40441?
4
What is the units digit of 3?
3
What is the hundreds digit of 3667?
6
What is the tens digit of 77961?
6
What is the units digit of 4392?
2
What is the units digit of 12861?
1
What is the units digit of 4548?
8
What is the thousands digit of 66167?
6
What is the hundreds digit of 456?
4
What is the thousands digit of 80780?
0
What is the units digit of 57945?
5
What is the units digit of 1073?
3
What is the thousands digit of 9651?
9
What is the ten thousands digit of 32071?
3
What is the units digit of 967?
7
What is the thousands digit of 1812?
1
What is the thousands digit of 3069?
3
What is the units digit of 61027?
7
What is the thousands digit of 4934?
4
What is the tens digit of 1619?
1
What is the thousands digit of 39837?
9
What is the hundreds digit of 1264?
2
What is the ten thousands digit of 13493?
1
What is the thousands digit of 1178?
1
What is the hundreds digit of 573?
5
What is the units digit of 11356?
6
What is the hundreds digit of 74316?
3
What is the thousands digit of 1359?
1
What is the tens digit of 2757?
5
What is the units digit of 8185?
5
What is the tens digit of 8746?
4
What is the thousands digit of 17349?
7
What is the units digit of 15505?
5
What is the units digit of 22889?
9
What is the tens digit of 404?
0
What is the thousands digit of 21448?
1
What is the ten thousands digit of 21287?
2
What is the units digit of 5524?
4
What is the hundreds digit of 1233?
2
What is the units digit of 789?
9
What is the thousands digit of 1438?
1
What is the hundreds digit of 665?
6
What is the tens digit of 3859?
5
What is the hundreds digit of 11497?
4
What is the hundreds digit of 581?
5
What is the hundreds digit of 2890?
8
What is the units digit of 7373?
3
What is the thousands digit of 12028?
2
What is the hundreds digit of 178?
1
What is the tens digit of 102022?
2
What is the units digit of 13679?
9
What is the hundreds digit of 476?
4
What is the units digit of 851?
1
What is the hundreds digit of 57626?
6
What is the units digit of 2924?
4
What is the thousands digit of 3188?
3
What is the thousands digit of 3832?
3
What is the tens digit of 34166?
6
What is the units digit of 657?
7
What is the tens digit of 6795?
9
What is the hundreds digit of 517?
5
What is the ten thousands digit of 179141?
7
What is the units digit of 652?
2
What is the tens digit of 10842?
4
What is the hundreds digit of 3251?
2
What is the hundreds digit of 486?
4
What is the thousands digit of 10083?
0
What is the tens digit of 6389?
8
What is the tens digit of 6031?
3
What is the hundreds digit of 28010?
0
What is the tens digit of 9844?
4
What is the thousands digit of 23532?
3
What is the hundreds digit of 1488?
4
What is the tens digit of 519?
1
What is the units digit of 27439?
9
What is the thousands digit of 1330?
1
What is the tens digit of 1780?
8
What is the tens digit of 1329?
2
What is the hundreds digit of 2367?
3
What is the tens digit of 419?
1
What is the tens digit of 1062?
6
What is the hundreds digit of 6497?
4
What is the units digit of 1063?
3
What is the tens digit of 1026?
2
What is the hundreds digit of 7483?
4
What is the hundreds digit of 1651?
6
What is the thousands digit of 5486?
5
What is the units digit of 2397?
7
What is the thousands digit of 117511?
7
What is the thousands digit of 1704?
1
What is the tens digit of 3742?
4
What is the tens digit of 917?
1
What is the hundreds digit of 22547?
5
What is the units digit of 8893?
3
What is the tens digit of 2369?
6
What is the units digit of 24505?
5
What is the units digit of 4519?
9
What is the units digit of 22651?
1
What is the tens digit of 10696?
9
What is the ten thousands digit of 92763?
9
What is the tens digit of 503?
0
What is the hundreds digit of 107976?
9
What is the thousands digit of 3122?
3
What is the units digit of 37850?
0
What is the hundreds digit of 33218?
2
What is the hundreds digit of 3057?
0
What is the thousands digit of 74856?
4
What is the units digit of 26903?
3
What is the tens digit of 788?
8
What is the hundreds digit of 413?
4
What is the hundreds digit of 6215?
2
What is the hundreds digit of 88435?
4
What is the hundreds digit of 6193?
1
What is the tens digit of 43899?
9
What is the tens digit of 2492?
9
What is the tens digit of 12932?
3
What is the hundreds digit of 108327?
3
What is the hundreds digit of 147154?
1
What is the hundreds digit of 2522?
5
What is the thousands digit of 1758?
1
What is the hundreds digit of 2105?
1
What is the units digit of 7449?
9
What is the hundreds digit of 1278?
2
What is the tens digit of 44148?
4
What is the hundreds digit of 2808?
8
What is the hundreds digit of 7514?
5
What is the thousands digit of 2294?
2
What is the ten thousands digit of 34145?
3
What is the hundred thousands digit of 107825?
1
What is the tens digit of 45836?
3
What is the hundreds digit of 1273?
2
What is the hundreds digit of 9804?
8
What is the thousands digit of 3512?
3
What is the ten thousands digit of 15502?
1
What is the tens digit of 538?
3
What is the thousands digit of 4157?
4
What is the hundreds digit of 1583?
5
What is the hundreds digit of 2408?
4
What is the tens digit of 661?
6
What is the ten thousands digit of 10720?
1
What is the units digit of 594?
4
What is the units digit of 727?
7
What is the thousands digit of 8694?
8
What is the units digit of 1406?
6
What is the hundreds digit of 56963?
9
What is the tens digit of 5458?
5
What is the hundreds digit of 4963?
9
What is the hundreds digit of 721?
7
What is the units digit of 18982?
2
What is the tens digit of 87211?
1
What is the thousands digit of 3213?
3
What is the tens digit of 4988?
8
What is the units digit of 55408?
8
What is the hundred thousands digit of 140019?
1
What is the thousands digit of 26379?
6
What is the hundreds digit of 2019?
0
What is the units digit of 7383?
3
What is the thousands digit of 1641?
1
What is the hundreds digit of 14326?
3
What is the hundreds digit of 22087?
0
What is the units digit of 12?
2
What is the tens digit of 5003?
0
What is the thousands digit of 15660?
5
What is the units digit of 1?
1
What is the thousands digit of 3250?
3
What is the units digit of 1916?
6
What is the units digit of 7181?
1
What is the hundreds digit of 6241?
2
What is the hundreds digit of 20889?
8
What is the units digit of 141965?
5
What is the hundreds digit of 39092?
0
What is the units digit of 3591?
1
What is the thousands digit of 3836?
3
What is the hundreds digit of 771?
7
What is the units digit of 825?
5
What is the tens digit of 660?
6
What is the units digit of 666?
6
What is the tens digit of 6233?
3
What is the hundreds digit of 1148?
1
What is the thousands digit of 4482?
4
What is the hundreds digit of 11328?
3
